{"id":29,"date":"2018-09-15T12:25:06","date_gmt":"2018-09-15T10:25:06","guid":{"rendered":"http:\/\/www.centroessere.ch\/?page_id=29"},"modified":"2024-09-22T16:20:45","modified_gmt":"2024-09-22T14:20:45","slug":"approcci-terapeutici","status":"publish","type":"page","link":"https:\/\/centroessere.ch\/?page_id=29","title":{"rendered":"Approcci Terapeutici"},"content":{"rendered":"<h1>Approcci Terapeutici<\/h1>\n<h3><strong>TERAPIA SISTEMICO-RELAZIONALE<\/strong><\/h3>\n<p>La terapia ad orientamento sistemico-relazionale si basa sul presupposto che la crescita di un individuo sia influenzata da diverse componenti: personale, relazionale e contestuale. Ripercorrere la propria storia, sottolineando i ruoli dei diversi membri della famiglia e le coincidenze temporali degli eventi, permette di meglio comprendere le radici delle modalit\u00e0 relazionali attuali e dell&#8217;eventuale disagio. Comprendere diversamente gli eventi del passato permette di sperimentare &#8211; nella relazione terapeutica in primis &#8211; un modo relazionale nuovo, pi\u00f9 sano e pi\u00f9 piacevole. La terapia pu\u00f2 essere individuale o di coppia.<br \/>\n<strong>Per approfondire<\/strong>:<br \/>\n<a href=\"http:\/\/www.scuolamaraselvini.it\">Scuola Mara Selivini<\/a><br \/>\n<a href=\"https:\/\/scuolapsicoterapiaroma.it\/\">Istituto Europeo di Formazione, Consulenza Sistemica e Terapia Relazionale<\/a><br \/>\n<strong>Chi di noi utilizza questo approccio:<\/strong><br \/>\n<a href=\"http:\/\/centroessere.ch\/?page_id=57\">Pamela Borelli<\/a><br \/>\n<a href=\"http:\/\/centroessere.ch\/?page_id=914\">Claudia Ara<\/a><\/p>\n<h3><strong>SESSOTERAPIA<\/strong><\/h3>\n<p>Il Sessocorporeo si basa su un modello di salute sessuale il quale si organizza attorno a 5 componenti della sessualit\u00e0: fondamentale, fisiologica, cognitiva, personale e relazionale. L&#8217;investigazione e l&#8217;osservazione di queste diverse dimensioni porter\u00e0 a svelare e a restituire al cliente la sua &#8220;logica del sistema&#8221;. Ricordandosi che il corpo e la mente sono entit\u00e0 inscindibili, si inizia il lavoro terapeutico definendo meglio le risorse, le difficolt\u00e0 e gli obbiettivi della persona, ricorrendo agli strumenti che il Sessocorporeo offre e che attingono a risorse verbali e corporee. La terapia pu\u00f2 essere individuale o di coppia.<br \/>\n<strong>Per approfondire<\/strong>:<br \/>\n<a href=\"http:\/\/www.sexocorporel.com\">Sexocorporel<\/a><br \/>\n<a href=\"https:\/\/sessuologiaclinicaroma.it\/\">Istituto di Sessuologia Clinica Roma<\/a><br \/>\n<strong>Chi di noi utilizza questo approccio:<\/strong><br \/>\n<a href=\"http:\/\/www.centroessere.ch\/?page_id=57\">Pamela Borelli<\/a><br \/>\n<a href=\"http:\/\/www.centroessere.ch\/?page_id=914\">Claudia Ara<\/a><\/p>\n<h3><strong>TERAPIA COGNITIVISTA COSTRUTTIVISTA<\/strong><\/h3>\n<p>L\u2019approccio cognitivo costruttivista ha come obiettivo quello di approfondire la conoscenza di s\u00e9. L\u2019individuo costruisce un proprio significato personale di s\u00e9 e del mondo che lo circonda a partire dalle esperienze e le relazioni che vive nel corso della propria vita. Talvolta l\u2019organizzazione della propria esperienza risulta essere disfunzionale e crea dunque sofferenza o difficolt\u00e0. In questo caso il terapeuta accompagna e facilita una rilettura pi\u00f9 funzionale, in vista di uno sviluppo delle risorse personali del paziente, grazie alla relazione privilegiata non giudicante e strumenti o metodi specifici.<br \/>\n<strong>Per approfondire<\/strong>:<br \/>\n<a href=\"http:\/\/centroterapiacognitiva.it\/\">Centro terapia cognitiva di Como<\/a><br \/>\n<strong>Chi di noi utilizza questo approccio:<\/strong><br \/>\n<a href=\"http:\/\/www.centroessere.ch\/?page_id=42\">Vanessa Romelli-Vicini<\/a><\/p>\n<h3><strong>EMDR<\/strong><\/h3>\n<p>Il metodo EMDR stimola il cervello a lasciare andare connessioni disfunzionali per crearne di nuove, alfine di vedere diversamente quanto accaduto. Questo processo contribuisce ad un cambiamento di prospettiva e ad un\u2019accettazione di s\u00e9 e del proprio passato\/presente, ridando nuovo movimento alla vita.<br \/>\n<strong>Per approfondire:<\/strong><br \/>\n<a href=\"http:\/\/www.emdr.it\">EMDR Italia<\/a><br \/>\n<a href=\"http:\/\/www.emdr-institut.ch\">EMDR Svizzera<\/a><br \/>\n<strong>Chi di noi utilizza questo approccio:<\/strong><br \/>\n<a href=\"http:\/\/www.centroessere.ch\/?page_id=57\">Pamela Borelli<\/a><br \/>\n<a href=\"http:\/\/www.centroessere.ch\/?page_id=42\">Vanessa Romelli-Vicini<\/a><br \/>\n<a href=\"http:\/\/www.centroessere.ch\/?page_id=914\">Claudia Ara<\/a><br \/>\n<a href=\"http:\/\/www.centroessere.ch\/?page_id=773\">Luisa Succetti<\/a><\/p>\n<h3><strong>TERAPIA COGNITIVO-COMPORTAMENTALE<\/strong><\/h3>\n<p>La terapia cognitivo-comportamentale si basa sul presupposto che ci sia una complessa relazione tra i pensieri, le emozioni ed il comportamento. L\u2019osservazione e l\u2019analisi di questi elementi, cos\u00ec come gli interventi mirati a favorire una relazione pi\u00f9 funzionale per la persona, rappresentano la base di lavoro di questo approccio. Ci\u00f2 favorisce una maggiore consapevolezza di s\u00e9, delle proprie risorse e del proprio modo di pensare, percepire, reagire e comportarsi. Attraverso la relazione terapeutica si accompagna il cliente ad una riattribuzione di senso che consente di esperire come da modi di pensare alternativi derivino emozioni meno dolorose e comportamenti maggiormente funzionali per il proprio benessere. L\u2019approccio \u00e8 orientato al problema, si basa su una collaborazione attiva tra cliente e terapeuta e si avvale di tecniche e strumenti specifici.<br \/>\n<strong>Per approfondire:<br \/>\n<\/strong>scuola di psicoterapia ad orientamento cognitivo-comportamentale e medicina comportamentale (Postgraduale Weiterbildung in kognitiver Verhaltenstherapie und Verhaltensmedizin)<br \/>\n<strong>Chi di noi utilizza questo approccio:<br \/>\n<\/strong><a href=\"http:\/\/www.centroessere.ch\/?page_id=773\">Luisa Succetti<\/a><\/p>\n<h3><strong>GESTALT<br \/>\n<\/strong><\/h3>\n<p>La Gestalt, il cui fondatore \u00e9 Friedrich Perls, nasce negli Stati Uniti e si diffonde in Europa negli anni \u201940.<\/p>\n<p>Questo approccio considera l&#8217;individuo come interdipendente e inseparabile dal proprio ambiente e la vita come ciclica ed evolutiva. Ha come scopo di rimettere in movimento, rendere pi\u00f9 fluido e armonioso il rapporto tra la persona e il proprio ambiente. La Gestalt si interessa dunque al nostro modo di relazionarci con noi stessi, con gli altri e con il nostro ambiente, promuovendo l&#8217;auto-consapevolezza rispetto alle nostre modalit\u00e0 relazionali. Il tutto lavorando su ci\u00f2 che \u00e8 evidente nel momento presente, nell&#8217;esperienza di ci\u00f2 che sta accadendo, a livello sensoriale, cognitivo ed emotivo. Pertanto, favorisce la sperimentazione del cambiamento alla comprensione del perch\u00e9, la descrizione alle spiegazioni, promuovendo la ricerca di soluzioni. Cerca di attivare le risorse della persona e la sua creativit\u00e0, al fine di ripristinare la propria autonomia e responsabilit\u00e0.<br \/>\n<strong>Per approfondire<\/strong>:<br \/>\n<a href=\"http:\/\/www.cipog.com\/it\/gestalt_therapy.html\">Centro italiano psicoterapia ad orientamento Gestaltico<\/a><br \/>\n<a href=\"http:\/\/www.psychologies.com\/Therapies\/Toutes-les-therapies\/Psychotherapies\/Articles-et-Dossiers\/La-Gestalt-therapie\">Psychologies, la Gestalt th\u00e9rapie<\/a><br \/>\n<strong>Chi di noi utilizza questo approccio:<\/strong><br \/>\n<a href=\"http:\/\/www.centroessere.ch\/?page_id=46\">Laure Pedrazzini<\/a><\/p>\n<h3><strong>L\u2019IPNOSI CLINICA<br \/>\n<\/strong><\/h3>\n<p>L\u2019ipnosi \u00e8 uno strumento molto efficace in psicoterapia ed \u00e8 caratterizzata dal terapeuta che accompagna il paziente verso un percorso di scoperta di risorse e di potenzialit\u00e0 di cui non \u00e8 consapevole in modo da indirizzare la propria vita verso ci\u00f2 che realmente desidera. In particolare, l\u2019ipnosi ericksoniana non \u00e8 direttiva e prevede un\u2019interazione attiva tra il terapeuta e il paziente. Attraverso tecniche di linguaggio, la trance, le suggestioni si cerca di accedere ai contenuti pi\u00f9 profondi della Persona aiutandola ad apportare le modifiche pi\u00f9 utili ed importanti per la propria realizzazione. I campi applicativi spaziano dall\u2019ipnosi volta al benessere e all\u2019attivazione di risorse, al trattamento dei disturbi psichici, alla gestione del dolore e di altre emozioni spiacevoli, allo smettere di fumare.<br \/>\n<strong>Per approfondire<\/strong>:<br \/>\n<a href=\"https:\/\/www.nicolettagava.it\/\">Nicoletta Gava<\/a><br \/>\n<strong>Chi di noi utilizza questo approccio:<\/strong><br \/>\n<a href=\"http:\/\/www.centroessere.ch\/?page_id=914\">Claudia Ara<\/a><\/p>\n<h3><strong>LA MEDIAZIONE FAMILIARE<br \/>\n<\/strong><\/h3>\n<p>La mediazione familiare rappresenta un percorso che accompagna i partner alla separazione e al divorzio in maniera non antagonistica. Se una coppia non ha ancora deciso di separarsi, ma sta vivendo un momento conflittuale, lo spazio di mediazione rappresenta un luogo protetto e sicuro nel quale affrontare le problematiche familiari, riflettere sulle risorse e scoprire nuove soluzioni. Nel caso in cui una coppia abbia deciso di separarsi o sia gi\u00e0 separata, attraverso la mediazione si cerca di trovare accordi efficaci sia nelle questioni educative che patrimoniali, tenendo conto dei bisogni di ciascun componente della famiglia, con particolare attenzione ai bisogni dei figli.<br \/>\n<strong>Per approfondire<\/strong>:<br \/>\n<a href=\"_wp_link_placeholder\" data-wplink-edit=\"true\">Associazione Italiana Operatori Sanitari e Sociali &#8211; Master<\/a><br \/>\n<strong>Chi di noi utilizza questo approccio:<\/strong><br \/>\n<a href=\"http:\/\/www.centroessere.ch\/?page_id=914\">Claudia Ara<\/a><\/p>\n","protected":false},"excerpt":{"rendered":"<p>Approcci Terapeutici TERAPIA SISTEMICO-RELAZIONALE La terapia ad orientamento sistemico-relazionale si basa sul presupposto che la crescita di un individuo sia influenzata da diverse componenti: personale, relazionale e contestuale. Ripercorrere la propria storia, sottolineando i ruoli dei diversi membri della famiglia e le coincidenze temporali degli eventi, permette di meglio comprendere le radici delle modalit\u00e0 relazionali &hellip; <a href=\"https:\/\/centroessere.ch\/?page_id=29\" class=\"more-link\">Leggi tutto<span class=\"screen-reader-text\"> &#8220;Approcci Terapeutici&#8221;<\/span><\/a><\/p>\n","protected":false},"author":1,"featured_media":0,"parent":0,"menu_order":0,"comment_status":"closed","ping_status":"closed","template":"template-no-sidebar.php","meta":{"footnotes":""},"class_list":["post-29","page","type-page","status-publish","hentry"],"_links":{"self":[{"href":"https:\/\/centroessere.ch\/index.php?rest_route=\/wp\/v2\/pages\/29"}],"collection":[{"href":"https:\/\/centroessere.ch\/index.php?rest_route=\/wp\/v2\/pages"}],"about":[{"href":"https:\/\/centroessere.ch\/index.php?rest_route=\/wp\/v2\/types\/page"}],"author":[{"embeddable":true,"href":"https:\/\/centroessere.ch\/index.php?rest_route=\/wp\/v2\/users\/1"}],"replies":[{"embeddable":true,"href":"https:\/\/centroessere.ch\/index.php?rest_route=%2Fwp%2Fv2%2Fcomments&post=29"}],"version-history":[{"count":32,"href":"https:\/\/centroessere.ch\/index.php?rest_route=\/wp\/v2\/pages\/29\/revisions"}],"predecessor-version":[{"id":992,"href":"https:\/\/centroessere.ch\/index.php?rest_route=\/wp\/v2\/pages\/29\/revisions\/992"}],"wp:attachment":[{"href":"https:\/\/centroessere.ch\/index.php?rest_route=%2Fwp%2Fv2%2Fmedia&parent=29"}],"curies":[{"name":"wp","href":"https:\/\/api.w.org\/{rel}","templated":true}]}}